{"id":2436,"date":"2023-11-06T11:17:04","date_gmt":"2023-11-06T08:17:04","guid":{"rendered":"https:\/\/ozkaradizel.com\/?page_id=2436"},"modified":"2023-11-06T11:22:27","modified_gmt":"2023-11-06T08:22:27","slug":"bakim-onarim-hizmeti","status":"publish","type":"page","link":"https:\/\/ozkaradizel.com\/?page_id=2436","title":{"rendered":"BAKIM ONARIM H\u0130ZMET\u0130"},"content":{"rendered":"\n<div class=\"wp-block-uagb-container uagb-block-bbdd0a0b alignfull uagb-is-root-container\"><div class=\"uagb-container-inner-blocks-wrap\">\n<div class=\"wp-block-uagb-container uagb-block-254b9414\">\n<div class=\"wp-block-uagb-advanced-heading uagb-block-525f552a\"><h6 class=\"uagb-heading-text\">Kayseri Dizel Enjekt\u00f6r BAKIM ONARIM Tamir Servisi<\/h6><\/div>\n\n\n\n<div class=\"wp-block-uagb-info-box uagb-block-30fa7580 uagb-infobox__content-wrap  uagb-infobox-icon-above-title uagb-infobox-image-valign-top\"><div class=\"uagb-ifb-content\"><div class=\"uagb-ifb-title-wrap\"><h2 class=\"uagb-ifb-title\">D\u0130ZEL ENJEKT\u00d6R BAKIM ONARIM H\u0130ZMET\u0130<br><br><\/h2><\/div><div class=\"uagb-ifb-separator\"><\/div><p class=\"uagb-ifb-desc\">\u00d6zkara Dizel Servisi olarak, arac\u0131n\u0131z\u0131n rutin bak\u0131m zaman\u0131 gelmi\u015fse veya beklenmedik bir ar\u0131za ile kar\u015f\u0131la\u015fm\u0131\u015fsan\u0131z, deneyimli uzman kadromuz ile hizmetinizdeyiz. <br><br>\u0130\u015f makinalar\u0131ndan jenerat\u00f6rlere, dizel binek ara\u00e7lardan ticari vas\u0131talara, forkliflerden otob\u00fcslere, kamyonlardan t\u0131rlara, trakt\u00f6rlere kadar geni\u015f bir yelpazedeki ara\u00e7lar\u0131n pompa ve enjekt\u00f6r bak\u0131m\u0131n\u0131 ve onar\u0131m\u0131n\u0131 profesyonelce ger\u00e7ekle\u015ftiriyoruz.<br><br>\u00d6zkara Dizel olarak sundu\u011fumuz ba\u015fl\u0131ca hizmetler \u015funlard\u0131r:<br><strong>Dizel Enjekt\u00f6r Tamiri:<\/strong> Enjekt\u00f6rlerinizdeki her t\u00fcrl\u00fc ar\u0131zay\u0131, modern ekipmanlar\u0131m\u0131zla h\u0131zl\u0131 ve etkin bir \u015fekilde gideriyoruz.<br><strong>Kayseri Dizel Enjekt\u00f6r Tamiri:<\/strong> Kayseri ve \u00e7evresindeki dizel ara\u00e7 sahiplerine, ara\u00e7lar\u0131n\u0131n enjekt\u00f6r tamiri i\u00e7in profesyonel ve g\u00fcvenilir bir servis sa\u011fl\u0131yoruz.<br><strong>Dizel Enjekt\u00f6r Pompa:<\/strong> Dizel enjekt\u00f6r pompalar\u0131n\u0131z\u0131n bak\u0131m, onar\u0131m ve ayar i\u015flemlerini en g\u00fcncel tekniklerle yap\u0131yoruz.<br><strong>Dizel Enjekt\u00f6r Pompa Tamiri:<\/strong> Enjekt\u00f6r pompalar\u0131n\u0131z\u0131n performans\u0131n\u0131 art\u0131rmak ve \u00f6mr\u00fcn\u00fc uzatmak i\u00e7in gerekli t\u00fcm tamir hizmetlerini sunuyoruz.<br><strong>Kayseri Dizel Ara\u00e7 Tamiri:<\/strong> Kayseri\u2019deki dizel ara\u00e7 sahiplerine, ara\u00e7lar\u0131n\u0131n genel bak\u0131m ve onar\u0131mlar\u0131 konusunda uzman servis hizmeti veriyoruz.<br><strong>Dizel Oto Pompa:<\/strong> Dizel motorlu arac\u0131n\u0131z\u0131n yak\u0131t pompas\u0131 bak\u0131m\u0131, onar\u0131m\u0131 ve performans testleri.<br><strong>Dizel Oto Enjekt\u00f6r:<\/strong> Motorunuzun verimli \u00e7al\u0131\u015fmas\u0131 i\u00e7in hayati \u00f6neme sahip dizel enjekt\u00f6rlerinizin detayl\u0131 kontrol\u00fc ve gerekti\u011finde tamiri.<br>\u00d6zkara Dizel Servisi olarak, en zorlu sorunlar\u0131n \u00fcstesinden gelmek ve arac\u0131n\u0131z\u0131 en iyi duruma getirmek i\u00e7in buraday\u0131z.<br><br>Y\u00fcksek standartlarda ve rekabet\u00e7i fiyatlarla sundu\u011fumuz servislerimizle, arac\u0131n\u0131z\u0131 ilk g\u00fcnk\u00fc performans\u0131na geri d\u00f6nd\u00fcrmek i\u00e7in \u00e7al\u0131\u015f\u0131yoruz. <br><br>Arac\u0131n\u0131z\u0131 g\u00fcvenle bizlere emanet edebilirsiniz.<\/p><\/div><\/div>\n<\/div>\n<\/div><\/div>\n\n\n\n<div class=\"wp-block-uagb-container uag-blocks-common-selector uagb-block-20ef4d5d alignfull uagb-is-root-container\"><div class=\"uagb-container-inner-blocks-wrap\">\n<div class=\"wp-block-uagb-container uagb-block-ff2c029d\">\n<div class=\"wp-block-uagb-container uagb-block-7b938879\">\n<div class=\"wp-block-uagb-container uagb-block-793a5aa3\">\n<div class=\"wp-block-uagb-info-box uagb-block-15ea6331 uagb-infobox__content-wrap  uagb-infobox-icon-above-title uagb-infobox-image-valign-top\"><div class=\"uagb-ifb-content\"><div class=\"uagb-ifb-title-wrap\"><h2 class=\"uagb-ifb-title\"><font style=\"vertical-align: inherit;\"><font style=\"vertical-align: inherit;\">Ne Yap\u0131yoruz?<\/font><\/font><\/h2><\/div><div class=\"uagb-ifb-separator\"><\/div><\/div><\/div>\n<\/div>\n<\/div>\n<\/div>\n\n\n\n<div class=\"wp-block-uagb-container uagb-block-bb4a2931\">\n<div class=\"wp-block-uagb-container uagb-block-306f19e6\">\n<div class=\"wp-block-uagb-container uagb-block-021b9187 alignfull uagb-is-root-container\"><div class=\"uagb-container-inner-blocks-wrap\">\n<div class=\"wp-block-uagb-container uagb-block-3a7f79e5\">\n<div class=\"wp-block-uagb-info-box uagb-block-42e1fe2a uagb-infobox__content-wrap  uagb-infobox-icon-above-title uagb-infobox-image-valign-top\"><div class=\"uagb-ifb-content\"><div class=\"uagb-ifb-image-content\"><img decoding=\"async\" src=\"http:\/\/ozkaradizel.com\/wp-content\/uploads\/2021\/03\/setting-icon.png\" alt=\"\" width=\"17\" height=\"17\" loading=\"lazy\"\/><\/div><div class=\"uagb-ifb-title-wrap\"><h4 class=\"uagb-ifb-title\"><font style=\"vertical-align: inherit;\"><font style=\"vertical-align: inherit;\">D\u0130ZEL ENJEKT\u00d6R TAM\u0130R\u0130<br><\/font><\/font><\/h4><\/div><p class=\"uagb-ifb-desc\"><font style=\"vertical-align: inherit;\"><font style=\"vertical-align: inherit;\">Bu, yukar\u0131da bahsetti\u011finiz hizmeti detayland\u0131ran k\u0131sa bir a\u00e7\u0131klamad\u0131r.<\/font><\/font><\/p><\/div><\/div>\n<\/div>\n\n\n\n<div class=\"wp-block-uagb-container uagb-block-3559073c\">\n<div class=\"wp-block-uagb-info-box uagb-block-c662a350 uagb-infobox__content-wrap  uagb-infobox-icon-above-title uagb-infobox-image-valign-top\"><div class=\"uagb-ifb-content\"><div class=\"uagb-ifb-image-content\"><img decoding=\"async\" src=\"http:\/\/ozkaradizel.com\/wp-content\/uploads\/2021\/03\/rotor.png\" alt=\"\" width=\"17\" height=\"17\" loading=\"lazy\"\/><\/div><div class=\"uagb-ifb-title-wrap\"><h4 class=\"uagb-ifb-title\"><font style=\"vertical-align: inherit;\"><font style=\"vertical-align: inherit;\">D\u0130ZEL ENJEKS\u0130YON POMPA TAM\u0130R\u0130<br><\/font><\/font><\/h4><\/div><p class=\"uagb-ifb-desc\">This is a short description elaborating the service you have mentioned above.<\/p><\/div><\/div>\n<\/div>\n\n\n\n<div class=\"wp-block-uagb-container uagb-block-79a68b94\">\n<div class=\"wp-block-uagb-info-box uagb-block-e5dd55a6 uagb-infobox__content-wrap  uagb-infobox-icon-above-title uagb-infobox-image-valign-top\"><div class=\"uagb-ifb-content\"><div class=\"uagb-ifb-image-content\"><img decoding=\"async\" src=\"http:\/\/ozkaradizel.com\/wp-content\/uploads\/2021\/03\/shocks.png\" alt=\"\" width=\"17\" height=\"17\" loading=\"lazy\"\/><\/div><div class=\"uagb-ifb-title-wrap\"><h4 class=\"uagb-ifb-title\"><font style=\"vertical-align: inherit;\"><font style=\"vertical-align: inherit;\">BAKIM ONARIM H\u0130ZMET\u0130<br><\/font><\/font><\/h4><\/div><p class=\"uagb-ifb-desc\">This is a short description elaborating the service you have mentioned above.<\/p><\/div><\/div>\n<\/div>\n<\/div><\/div>\n\n\n\n<div class=\"wp-block-uagb-container uagb-block-a99c67de alignfull uagb-is-root-container\"><div class=\"uagb-container-inner-blocks-wrap\">\n<div class=\"wp-block-uagb-container uagb-block-7bd793c8\">\n<div class=\"wp-block-uagb-info-box uagb-block-46100c96 uagb-infobox__content-wrap  uagb-infobox-icon-above-title uagb-infobox-image-valign-top\"><div class=\"uagb-ifb-content\"><div class=\"uagb-ifb-image-content\"><img decoding=\"async\" src=\"http:\/\/ozkaradizel.com\/wp-content\/uploads\/2021\/03\/system-inside.png\" alt=\"\" width=\"17\" height=\"17\" loading=\"lazy\"\/><\/div><div class=\"uagb-ifb-title-wrap\"><h4 class=\"uagb-ifb-title\"><font style=\"vertical-align: inherit;\"><font style=\"vertical-align: inherit;\">ARIZA TESP\u0130T VE KONTROL TESTLER\u0130<br><\/font><\/font><\/h4><\/div><p class=\"uagb-ifb-desc\">This is a short description elaborating the service you have mentioned above.<\/p><\/div><\/div>\n<\/div>\n\n\n\n<div class=\"wp-block-uagb-container uagb-block-5f9a38d5\">\n<div class=\"wp-block-uagb-info-box uagb-block-d02a4ccb uagb-infobox__content-wrap  uagb-infobox-icon-above-title uagb-infobox-image-valign-top\"><div class=\"uagb-ifb-content\"><div class=\"uagb-ifb-image-content\"><img decoding=\"async\" src=\"http:\/\/ozkaradizel.com\/wp-content\/uploads\/2021\/03\/ac-repairs.png\" alt=\"\" width=\"17\" height=\"17\" loading=\"lazy\"\/><\/div><div class=\"uagb-ifb-title-wrap\"><h4 class=\"uagb-ifb-title\"><font style=\"vertical-align: inherit;\"><font style=\"vertical-align: inherit;\">D\u0130ZEL ENJEKT\u00d6R ONARIMI<br><\/font><\/font><\/h4><\/div><p class=\"uagb-ifb-desc\">This is a short description elaborating the service you have mentioned above.<\/p><\/div><\/div>\n<\/div>\n\n\n\n<div class=\"wp-block-uagb-container uagb-block-e37c0e2f\">\n<div class=\"wp-block-uagb-info-box uagb-block-20cc661a uagb-infobox__content-wrap  uagb-infobox-icon-above-title uagb-infobox-image-valign-top\"><div class=\"uagb-ifb-content\"><div class=\"uagb-ifb-image-content\"><img decoding=\"async\" src=\"http:\/\/ozkaradizel.com\/wp-content\/uploads\/2021\/03\/tyre.svg\" alt=\"\" width=\"17\" height=\"17\" loading=\"lazy\"\/><\/div><div class=\"uagb-ifb-title-wrap\"><h4 class=\"uagb-ifb-title\"><font style=\"vertical-align: inherit;\"><font style=\"vertical-align: inherit;\">D\u0130ZEL ENJEKT\u00d6R POMPA ONARIMI<br><\/font><\/font><\/h4><\/div><p class=\"uagb-ifb-desc\">This is a short description elaborating the service you have mentioned above.<\/p><\/div><\/div>\n<\/div>\n<\/div><\/div>\n<\/div>\n<\/div>\n<\/div><\/div>\n\n\n\n<div class=\"wp-block-uagb-container uagb-block-1bdd2659 alignfull uagb-is-root-container\"><div class=\"uagb-container-inner-blocks-wrap\"><\/div><\/div>\n\n\n\n<div class=\"wp-block-uagb-container uagb-block-cf9d98c3 alignfull uagb-is-root-container\"><div class=\"uagb-container-inner-blocks-wrap\">\n<div class=\"wp-block-uagb-container uagb-block-713ae889\">\n<div class=\"wp-block-uagb-advanced-heading uagb-block-6afc7093\"><h6 class=\"uagb-heading-text\">EMERGENCY CALL 24\/7<\/h6><\/div>\n\n\n\n<div class=\"wp-block-uagb-advanced-heading uagb-block-9509b8a6\"><h2 class=\"uagb-heading-text\">0537 862 98 01<\/h2><div class=\"uagb-separator\"><\/div><\/div>\n<\/div>\n<\/div><\/div>\n\n\n","protected":false},"excerpt":{"rendered":"<p>Kayseri Dizel Enjekt\u00f6r BAKIM ONARIM Tamir Servisi EMERGENCY CALL 24\/7 0537 862 98 01<\/p>\n","protected":false},"author":1,"featured_media":0,"parent":0,"menu_order":0,"comment_status":"closed","ping_status":"closed","template":"","meta":{"_uag_custom_page_level_css":"","site-sidebar-layout":"default","site-content-layout":"","ast-site-content-layout":"default","site-content-style":"default","site-sidebar-style":"default","ast-global-header-display":"","ast-banner-title-visibility":"","ast-main-header-display":"","ast-hfb-above-header-display":"","ast-hfb-below-header-display":"","ast-hfb-mobile-header-display":"","site-post-title":"","ast-breadcrumbs-content":"","ast-featured-img":"","footer-sml-layout":"","theme-transparent-header-meta":"","adv-header-id-meta":"","stick-header-meta":"","header-above-stick-meta":"","header-main-stick-meta":"","header-below-stick-meta":"","astra-migrate-meta-layouts":"set","ast-page-background-enabled":"default","ast-page-background-meta":{"desktop":{"background-color":"","background-image":"","background-repeat":"repeat","background-position":"center center","background-size":"auto","background-attachment":"scroll","background-type":"","background-media":"","overlay-type":"","overlay-color":"","overlay-gradient":""},"tablet":{"background-color":"","background-image":"","background-repeat":"repeat","background-position":"center center","background-size":"auto","background-attachment":"scroll","background-type":"","background-media":"","overlay-type":"","overlay-color":"","overlay-gradient":""},"mobile":{"background-color":"","background-image":"","background-repeat":"repeat","background-position":"center center","background-size":"auto","background-attachment":"scroll","background-type":"","background-media":"","overlay-type":"","overlay-color":"","overlay-gradient":""}},"ast-content-background-meta":{"desktop":{"background-color":"var(--ast-global-color-5)","background-image":"","background-repeat":"repeat","background-position":"center center","background-size":"auto","background-attachment":"scroll","background-type":"","background-media":"","overlay-type":"","overlay-color":"","overlay-gradient":""},"tablet":{"background-color":"var(--ast-global-color-5)","background-image":"","background-repeat":"repeat","background-position":"center center","background-size":"auto","background-attachment":"scroll","background-type":"","background-media":"","overlay-type":"","overlay-color":"","overlay-gradient":""},"mobile":{"background-color":"var(--ast-global-color-5)","background-image":"","background-repeat":"repeat","background-position":"center center","background-size":"auto","background-attachment":"scroll","background-type":"","background-media":"","overlay-type":"","overlay-color":"","overlay-gradient":""}},"footnotes":"[]"},"uagb_featured_image_src":{"full":false,"thumbnail":false,"medium":false,"medium_large":false,"large":false,"1536x1536":false,"2048x2048":false},"uagb_author_info":{"display_name":"admin","author_link":"https:\/\/ozkaradizel.com\/?author=1"},"uagb_comment_info":0,"uagb_excerpt":"Kayseri Dizel Enjekt\u00f6r BAKIM ONARIM Tamir Servisi EMERGENCY CALL 24\/7 0537 862 98 01","_links":{"self":[{"href":"https:\/\/ozkaradizel.com\/index.php?rest_route=\/wp\/v2\/pages\/2436"}],"collection":[{"href":"https:\/\/ozkaradizel.com\/index.php?rest_route=\/wp\/v2\/pages"}],"about":[{"href":"https:\/\/ozkaradizel.com\/index.php?rest_route=\/wp\/v2\/types\/page"}],"author":[{"embeddable":true,"href":"https:\/\/ozkaradizel.com\/index.php?rest_route=\/wp\/v2\/users\/1"}],"replies":[{"embeddable":true,"href":"https:\/\/ozkaradizel.com\/index.php?rest_route=%2Fwp%2Fv2%2Fcomments&post=2436"}],"version-history":[{"count":1,"href":"https:\/\/ozkaradizel.com\/index.php?rest_route=\/wp\/v2\/pages\/2436\/revisions"}],"predecessor-version":[{"id":2442,"href":"https:\/\/ozkaradizel.com\/index.php?rest_route=\/wp\/v2\/pages\/2436\/revisions\/2442"}],"wp:attachment":[{"href":"https:\/\/ozkaradizel.com\/index.php?rest_route=%2Fwp%2Fv2%2Fmedia&parent=2436"}],"curies":[{"name":"wp","href":"https:\/\/api.w.org\/{rel}","templated":true}]}}