{"id":2435,"date":"2023-11-06T11:12:09","date_gmt":"2023-11-06T08:12:09","guid":{"rendered":"https:\/\/ozkaradizel.com\/?page_id=2435"},"modified":"2023-11-06T11:22:05","modified_gmt":"2023-11-06T08:22:05","slug":"dizel-enjeksiyon-pompa-tamiri","status":"publish","type":"page","link":"https:\/\/ozkaradizel.com\/?page_id=2435","title":{"rendered":"D\u0130ZEL ENJEKS\u0130YON POMPA TAM\u0130R\u0130"},"content":{"rendered":"\n<div class=\"wp-block-uagb-container uagb-block-bbdd0a0b alignfull uagb-is-root-container\"><div class=\"uagb-container-inner-blocks-wrap\">\n<div class=\"wp-block-uagb-container uagb-block-254b9414\">\n<div class=\"wp-block-uagb-advanced-heading uagb-block-525f552a\"><h6 class=\"uagb-heading-text\">Kayseri Dizel Enjeksiyon Pompa Tamiri Servisi<\/h6><\/div>\n\n\n\n<div class=\"wp-block-uagb-info-box uagb-block-30fa7580 uagb-infobox__content-wrap  uagb-infobox-icon-above-title uagb-infobox-image-valign-top\"><div class=\"uagb-ifb-content\"><div class=\"uagb-ifb-title-wrap\"><h2 class=\"uagb-ifb-title\">D\u0130ZEL ENJEKS\u0130YON POMPA TAM\u0130R\u0130<br><\/h2><\/div><div class=\"uagb-ifb-separator\"><\/div><p class=\"uagb-ifb-desc\"><br>\u00d6zkara Dizel Servisi olarak, dizel motorunuzun en \u00f6nemli bile\u015fenleri olan enjekt\u00f6r ve pompa sistemlerinin bak\u0131m ve onar\u0131m\u0131nda, uzman kadromuz ve en ileri teknolojiye sahip test, ayar ve temizlik ekipmanlar\u0131m\u0131zla hizmetinizdeyiz. <br><br>End\u00fcstriyel yenilikleri s\u00fcrekli takip eden bir firma olarak, en yeni yak\u0131t sistemleri \u00fczerinde \u00e7al\u0131\u015farak sekt\u00f6rde tamir ve bak\u0131m konusunda \u00f6nc\u00fc rol \u00fcstleniyoruz.<br><br>\u00dclkemizdeki dizel yak\u0131tlar\u0131n, h\u0131zla geli\u015fen dizel ara\u00e7 teknolojilerini yakalamakta bazen geride kalabildi\u011fini g\u00f6r\u00fcyoruz. Bu durum, \u00f6zellikle 80.000 kilometre \u00fczeri ara\u00e7larda enjekt\u00f6r ve pompa sistemlerinde ciddi ar\u0131zalara yol a\u00e7abilmektedir. Bu tip bir sorunla kar\u015f\u0131la\u015fan ara\u00e7 sahipleri, genellikle y\u00fcksek maliyetlerle y\u00fczle\u015fmek zorunda kalabiliyorlar.<br><br>\u0130\u015fte \u00d6zkara Dizel olarak bizler, b\u00fct\u00e7enize uygun fiyatlarla y\u00fcksek kaliteli \u00e7\u00f6z\u00fcmler sunarak, dizel ara\u00e7 sahiplerinin yan\u0131nday\u0131z.<br>Sa\u011fl\u0131kl\u0131 bir pompa ve enjekt\u00f6r sistemi, dizel arac\u0131n\u0131z\u0131n performans\u0131 i\u00e7in hayati \u00f6nem ta\u015f\u0131r. <br>E\u011fer bu sistemlerde bir problem varsa, kar\u015f\u0131la\u015fabilece\u011finiz sorunlar \u015funlar olabilir:<br>Artan egzoz duman\u0131<br>Y\u00fckleme esnas\u0131nda olu\u015fan \u015fak\u0131rdama sesleri<br>G\u00fcr\u00fclt\u00fcl\u00fc motor \u00e7al\u0131\u015fmas\u0131<br>Y\u00fcksek yak\u0131t t\u00fcketimi<br>D\u00fc\u015f\u00fck motor \u00e7eki\u015fi<br>Motorun anormal sallanmas\u0131 ve titremesi<br>Partik\u00fcl filtresinin t\u0131kanmas\u0131<br>Servisimizde, piyasada tamiri m\u00fcmk\u00fcn olmayacak \u015fekilde etiketlenmi\u015f olan yeni model dizel ara\u00e7lar\u0131n enjekt\u00f6rlerini bile garantili olarak tamir ediyoruz. Geli\u015fmi\u015f cihazlar\u0131m\u0131z ve deneyimli ekibimizle, arac\u0131n\u0131z\u0131n eski performans\u0131na kavu\u015fmas\u0131 i\u00e7in gereken her t\u00fcrl\u00fc servisi sa\u011fl\u0131yoruz.<br><br>\u00d6zkara Dizel Servisi olarak, arac\u0131n\u0131z\u0131n sa\u011fl\u0131k durumunu korumak ve uzun \u00f6m\u00fcrl\u00fc bir kullan\u0131m sa\u011flamak ad\u0131na, dizel enjekt\u00f6r ve pompa sistemlerinizin bak\u0131m ve onar\u0131m\u0131nda size bir telefon kadar yak\u0131n\u0131z. Arac\u0131n\u0131z\u0131 g\u00fcvenle yollara \u00e7\u0131karmak i\u00e7in bizi tercih edin.<\/p><\/div><\/div>\n<\/div>\n<\/div><\/div>\n\n\n\n<div class=\"wp-block-uagb-container uag-blocks-common-selector uagb-block-20ef4d5d alignfull uagb-is-root-container\"><div class=\"uagb-container-inner-blocks-wrap\">\n<div class=\"wp-block-uagb-container uagb-block-ff2c029d\">\n<div class=\"wp-block-uagb-container uagb-block-7b938879\">\n<div class=\"wp-block-uagb-container uagb-block-793a5aa3\">\n<div class=\"wp-block-uagb-info-box uagb-block-15ea6331 uagb-infobox__content-wrap  uagb-infobox-icon-above-title uagb-infobox-image-valign-top\"><div class=\"uagb-ifb-content\"><div class=\"uagb-ifb-title-wrap\"><h2 class=\"uagb-ifb-title\"><font style=\"vertical-align: inherit;\"><font style=\"vertical-align: inherit;\">Ne Yap\u0131yoruz?<\/font><\/font><\/h2><\/div><div class=\"uagb-ifb-separator\"><\/div><\/div><\/div>\n<\/div>\n<\/div>\n<\/div>\n\n\n\n<div class=\"wp-block-uagb-container uagb-block-bb4a2931\">\n<div class=\"wp-block-uagb-container uagb-block-306f19e6\">\n<div class=\"wp-block-uagb-container uagb-block-021b9187 alignfull uagb-is-root-container\"><div class=\"uagb-container-inner-blocks-wrap\">\n<div class=\"wp-block-uagb-container uagb-block-3a7f79e5\">\n<div class=\"wp-block-uagb-info-box uagb-block-42e1fe2a uagb-infobox__content-wrap  uagb-infobox-icon-above-title uagb-infobox-image-valign-top\"><div class=\"uagb-ifb-content\"><div class=\"uagb-ifb-image-content\"><img decoding=\"async\" src=\"http:\/\/ozkaradizel.com\/wp-content\/uploads\/2021\/03\/setting-icon.png\" alt=\"\" width=\"17\" height=\"17\" loading=\"lazy\"\/><\/div><div class=\"uagb-ifb-title-wrap\"><h4 class=\"uagb-ifb-title\"><font style=\"vertical-align: inherit;\"><font style=\"vertical-align: inherit;\">D\u0130ZEL ENJEKT\u00d6R TAM\u0130R\u0130<br><\/font><\/font><\/h4><\/div><p class=\"uagb-ifb-desc\"><font style=\"vertical-align: inherit;\"><font style=\"vertical-align: inherit;\">Bu, yukar\u0131da bahsetti\u011finiz hizmeti detayland\u0131ran k\u0131sa bir a\u00e7\u0131klamad\u0131r.<\/font><\/font><\/p><\/div><\/div>\n<\/div>\n\n\n\n<div class=\"wp-block-uagb-container uagb-block-3559073c\">\n<div class=\"wp-block-uagb-info-box uagb-block-c662a350 uagb-infobox__content-wrap  uagb-infobox-icon-above-title uagb-infobox-image-valign-top\"><div class=\"uagb-ifb-content\"><div class=\"uagb-ifb-image-content\"><img decoding=\"async\" src=\"http:\/\/ozkaradizel.com\/wp-content\/uploads\/2021\/03\/rotor.png\" alt=\"\" width=\"17\" height=\"17\" loading=\"lazy\"\/><\/div><div class=\"uagb-ifb-title-wrap\"><h4 class=\"uagb-ifb-title\"><font style=\"vertical-align: inherit;\"><font style=\"vertical-align: inherit;\">D\u0130ZEL ENJEKS\u0130YON POMPA TAM\u0130R\u0130<br><\/font><\/font><\/h4><\/div><p class=\"uagb-ifb-desc\">This is a short description elaborating the service you have mentioned above.<\/p><\/div><\/div>\n<\/div>\n\n\n\n<div class=\"wp-block-uagb-container uagb-block-79a68b94\">\n<div class=\"wp-block-uagb-info-box uagb-block-e5dd55a6 uagb-infobox__content-wrap  uagb-infobox-icon-above-title uagb-infobox-image-valign-top\"><div class=\"uagb-ifb-content\"><div class=\"uagb-ifb-image-content\"><img decoding=\"async\" src=\"http:\/\/ozkaradizel.com\/wp-content\/uploads\/2021\/03\/shocks.png\" alt=\"\" width=\"17\" height=\"17\" loading=\"lazy\"\/><\/div><div class=\"uagb-ifb-title-wrap\"><h4 class=\"uagb-ifb-title\"><font style=\"vertical-align: inherit;\"><font style=\"vertical-align: inherit;\">BAKIM ONARIM H\u0130ZMET\u0130<br><\/font><\/font><\/h4><\/div><p class=\"uagb-ifb-desc\">This is a short description elaborating the service you have mentioned above.<\/p><\/div><\/div>\n<\/div>\n<\/div><\/div>\n\n\n\n<div class=\"wp-block-uagb-container uagb-block-a99c67de alignfull uagb-is-root-container\"><div class=\"uagb-container-inner-blocks-wrap\">\n<div class=\"wp-block-uagb-container uagb-block-7bd793c8\">\n<div class=\"wp-block-uagb-info-box uagb-block-46100c96 uagb-infobox__content-wrap  uagb-infobox-icon-above-title uagb-infobox-image-valign-top\"><div class=\"uagb-ifb-content\"><div class=\"uagb-ifb-image-content\"><img decoding=\"async\" src=\"http:\/\/ozkaradizel.com\/wp-content\/uploads\/2021\/03\/system-inside.png\" alt=\"\" width=\"17\" height=\"17\" loading=\"lazy\"\/><\/div><div class=\"uagb-ifb-title-wrap\"><h4 class=\"uagb-ifb-title\"><font style=\"vertical-align: inherit;\"><font style=\"vertical-align: inherit;\">ARIZA TESP\u0130T VE KONTROL TESTLER\u0130<br><\/font><\/font><\/h4><\/div><p class=\"uagb-ifb-desc\">This is a short description elaborating the service you have mentioned above.<\/p><\/div><\/div>\n<\/div>\n\n\n\n<div class=\"wp-block-uagb-container uagb-block-5f9a38d5\">\n<div class=\"wp-block-uagb-info-box uagb-block-d02a4ccb uagb-infobox__content-wrap  uagb-infobox-icon-above-title uagb-infobox-image-valign-top\"><div class=\"uagb-ifb-content\"><div class=\"uagb-ifb-image-content\"><img decoding=\"async\" src=\"http:\/\/ozkaradizel.com\/wp-content\/uploads\/2021\/03\/ac-repairs.png\" alt=\"\" width=\"17\" height=\"17\" loading=\"lazy\"\/><\/div><div class=\"uagb-ifb-title-wrap\"><h4 class=\"uagb-ifb-title\"><font style=\"vertical-align: inherit;\"><font style=\"vertical-align: inherit;\">D\u0130ZEL ENJEKT\u00d6R ONARIMI<br><\/font><\/font><\/h4><\/div><p class=\"uagb-ifb-desc\">This is a short description elaborating the service you have mentioned above.<\/p><\/div><\/div>\n<\/div>\n\n\n\n<div class=\"wp-block-uagb-container uagb-block-e37c0e2f\">\n<div class=\"wp-block-uagb-info-box uagb-block-20cc661a uagb-infobox__content-wrap  uagb-infobox-icon-above-title uagb-infobox-image-valign-top\"><div class=\"uagb-ifb-content\"><div class=\"uagb-ifb-image-content\"><img decoding=\"async\" src=\"http:\/\/ozkaradizel.com\/wp-content\/uploads\/2021\/03\/tyre.svg\" alt=\"\" width=\"17\" height=\"17\" loading=\"lazy\"\/><\/div><div class=\"uagb-ifb-title-wrap\"><h4 class=\"uagb-ifb-title\"><font style=\"vertical-align: inherit;\"><font style=\"vertical-align: inherit;\">D\u0130ZEL ENJEKT\u00d6R POMPA ONARIMI<br><\/font><\/font><\/h4><\/div><p class=\"uagb-ifb-desc\">This is a short description elaborating the service you have mentioned above.<\/p><\/div><\/div>\n<\/div>\n<\/div><\/div>\n<\/div>\n<\/div>\n<\/div><\/div>\n\n\n\n<div class=\"wp-block-uagb-container uagb-block-1bdd2659 alignfull uagb-is-root-container\"><div class=\"uagb-container-inner-blocks-wrap\"><\/div><\/div>\n\n\n\n<div class=\"wp-block-uagb-container uagb-block-cf9d98c3 alignfull uagb-is-root-container\"><div class=\"uagb-container-inner-blocks-wrap\">\n<div class=\"wp-block-uagb-container uagb-block-713ae889\">\n<div class=\"wp-block-uagb-advanced-heading uagb-block-6afc7093\"><h6 class=\"uagb-heading-text\">HEMEN ARA!<\/h6><\/div>\n\n\n\n<div class=\"wp-block-uagb-advanced-heading uagb-block-9509b8a6\"><h2 class=\"uagb-heading-text\">0537 862 98 01<\/h2><div class=\"uagb-separator\"><\/div><\/div>\n<\/div>\n<\/div><\/div>\n\n\n","protected":false},"excerpt":{"rendered":"<p>Kayseri Dizel Enjeksiyon Pompa Tamiri Servisi HEMEN ARA! 0537 862 98 01<\/p>\n","protected":false},"author":1,"featured_media":0,"parent":0,"menu_order":0,"comment_status":"closed","ping_status":"closed","template":"","meta":{"_uag_custom_page_level_css":"","site-sidebar-layout":"default","site-content-layout":"","ast-site-content-layout":"default","site-content-style":"default","site-sidebar-style":"default","ast-global-header-display":"","ast-banner-title-visibility":"","ast-main-header-display":"","ast-hfb-above-header-display":"","ast-hfb-below-header-display":"","ast-hfb-mobile-header-display":"","site-post-title":"","ast-breadcrumbs-content":"","ast-featured-img":"","footer-sml-layout":"","theme-transparent-header-meta":"","adv-header-id-meta":"","stick-header-meta":"","header-above-stick-meta":"","header-main-stick-meta":"","header-below-stick-meta":"","astra-migrate-meta-layouts":"set","ast-page-background-enabled":"default","ast-page-background-meta":{"desktop":{"background-color":"","background-image":"","background-repeat":"repeat","background-position":"center center","background-size":"auto","background-attachment":"scroll","background-type":"","background-media":"","overlay-type":"","overlay-color":"","overlay-gradient":""},"tablet":{"background-color":"","background-image":"","background-repeat":"repeat","background-position":"center center","background-size":"auto","background-attachment":"scroll","background-type":"","background-media":"","overlay-type":"","overlay-color":"","overlay-gradient":""},"mobile":{"background-color":"","background-image":"","background-repeat":"repeat","background-position":"center center","background-size":"auto","background-attachment":"scroll","background-type":"","background-media":"","overlay-type":"","overlay-color":"","overlay-gradient":""}},"ast-content-background-meta":{"desktop":{"background-color":"var(--ast-global-color-5)","background-image":"","background-repeat":"repeat","background-position":"center center","background-size":"auto","background-attachment":"scroll","background-type":"","background-media":"","overlay-type":"","overlay-color":"","overlay-gradient":""},"tablet":{"background-color":"var(--ast-global-color-5)","background-image":"","background-repeat":"repeat","background-position":"center center","background-size":"auto","background-attachment":"scroll","background-type":"","background-media":"","overlay-type":"","overlay-color":"","overlay-gradient":""},"mobile":{"background-color":"var(--ast-global-color-5)","background-image":"","background-repeat":"repeat","background-position":"center center","background-size":"auto","background-attachment":"scroll","background-type":"","background-media":"","overlay-type":"","overlay-color":"","overlay-gradient":""}},"footnotes":"[]"},"uagb_featured_image_src":{"full":false,"thumbnail":false,"medium":false,"medium_large":false,"large":false,"1536x1536":false,"2048x2048":false},"uagb_author_info":{"display_name":"admin","author_link":"https:\/\/ozkaradizel.com\/?author=1"},"uagb_comment_info":0,"uagb_excerpt":"Kayseri Dizel Enjeksiyon Pompa Tamiri Servisi HEMEN ARA! 0537 862 98 01","_links":{"self":[{"href":"https:\/\/ozkaradizel.com\/index.php?rest_route=\/wp\/v2\/pages\/2435"}],"collection":[{"href":"https:\/\/ozkaradizel.com\/index.php?rest_route=\/wp\/v2\/pages"}],"about":[{"href":"https:\/\/ozkaradizel.com\/index.php?rest_route=\/wp\/v2\/types\/page"}],"author":[{"embeddable":true,"href":"https:\/\/ozkaradizel.com\/index.php?rest_route=\/wp\/v2\/users\/1"}],"replies":[{"embeddable":true,"href":"https:\/\/ozkaradizel.com\/index.php?rest_route=%2Fwp%2Fv2%2Fcomments&post=2435"}],"version-history":[{"count":1,"href":"https:\/\/ozkaradizel.com\/index.php?rest_route=\/wp\/v2\/pages\/2435\/revisions"}],"predecessor-version":[{"id":2441,"href":"https:\/\/ozkaradizel.com\/index.php?rest_route=\/wp\/v2\/pages\/2435\/revisions\/2441"}],"wp:attachment":[{"href":"https:\/\/ozkaradizel.com\/index.php?rest_route=%2Fwp%2Fv2%2Fmedia&parent=2435"}],"curies":[{"name":"wp","href":"https:\/\/api.w.org\/{rel}","templated":true}]}}